{"id":8375,"date":"2018-01-25T19:39:37","date_gmt":"2018-01-25T18:39:37","guid":{"rendered":"http:\/\/jaheca.se\/carro\/livetpalandet\/?page_id=8375"},"modified":"2026-04-10T15:43:54","modified_gmt":"2026-04-10T14:43:54","slug":"husdjuren","status":"publish","type":"page","link":"https:\/\/jaheca.se\/livetpalandet\/husdjuren\/","title":{"rendered":"Husdjuren"},"content":{"rendered":"<p>V\u00e5ra husdjur best\u00e5r av<\/p>\n<ul>\n<li>Ester, 14\u00be \u00e5r &#8211; Maine Coon<\/li>\n<li>Giron, 14\u00bd \u00e5r &#8211; Sibirisk katt<\/li>\n<li>Viola, 7 \u00e5r &#8211; Maine Coon&nbsp;<\/li>\n<\/ul>\n<ul>\n<li>Floki, 5 \u00e5r &#8211; Alpenl\u00e4ndische Dachsbracke, kortdrivande jakthund<\/li>\n<li>Pedro, 3 \u00e5r &#8211; Alpenl\u00e4ndische Dachsbracke, kortdrivande jakthund<\/li>\n<li>Ni kan l\u00e4sa mer om hundrasen <a href=\"https:\/\/sv.wikipedia.org\/wiki\/Alpenl%C3%A4ndische_dachsbracke\" target=\"_blank\" rel=\"noopener\">h\u00e4r<\/a>.<\/li>\n<\/ul>\n<p><img loading=\"lazy\" decoding=\"async\" class=\"alignnone size-large wp-image-12227\" src=\"https:\/\/jaheca.se\/livetpalandet\/wp-content\/uploads\/2026\/01\/20250714_092506-675x491.jpg\" alt=\"\" width=\"675\" height=\"491\" srcset=\"https:\/\/jaheca.se\/livetpalandet\/wp-content\/uploads\/2026\/01\/20250714_092506-675x491.jpg 675w, https:\/\/jaheca.se\/livetpalandet\/wp-content\/uploads\/2026\/01\/20250714_092506-325x236.jpg 325w, https:\/\/jaheca.se\/livetpalandet\/wp-content\/uploads\/2026\/01\/20250714_092506-768x559.jpg 768w, https:\/\/jaheca.se\/livetpalandet\/wp-content\/uploads\/2026\/01\/20250714_092506-1536x1117.jpg 1536w, https:\/\/jaheca.se\/livetpalandet\/wp-content\/uploads\/2026\/01\/20250714_092506-2048x1490.jpg 2048w, https:\/\/jaheca.se\/livetpalandet\/wp-content\/uploads\/2026\/01\/20250714_092506-150x109.jpg 150w, https:\/\/jaheca.se\/livetpalandet\/wp-content\/uploads\/2026\/01\/20250714_092506-206x150.jpg 206w\" sizes=\"auto, (max-width: 675px) 100vw, 675px\" \/><\/p>\n<p>Fr\u00e5n v\u00e4nster h\u00f6gst upp medsols:&nbsp;<br \/>\nViola, Ester, Pedro l\u00e4ngst till h\u00f6ger, Floki samt Giron<\/p>\n","protected":false},"excerpt":{"rendered":"<p>V\u00e5ra husdjur best\u00e5r av Ester, 14\u00be \u00e5r &#8211; Maine Coon Giron, 14\u00bd \u00e5r &#8211; Sibirisk katt Viola, 7 \u00e5r &#8211; Maine Coon&nbsp; Floki, 5 \u00e5r &#8211; Alpenl\u00e4ndische Dachsbracke, kortdrivande jakthund Pedro, 3 \u00e5r &#8211; Alpenl\u00e4ndische Dachsbracke, kortdrivande jakthund Ni kan l\u00e4sa mer om hundrasen h\u00e4r. Fr\u00e5n v\u00e4nster h\u00f6gst upp medsols:&nbsp; Viola, Ester, Pedro l\u00e4ngst till h\u00f6ger, Floki samt Giron<\/p>\n","protected":false},"author":1,"featured_media":0,"parent":0,"menu_order":5,"comment_status":"closed","ping_status":"closed","template":"","meta":{"ngg_post_thumbnail":0,"footnotes":""},"class_list":["post-8375","page","type-page","status-publish","hentry"],"_links":{"self":[{"href":"https:\/\/jaheca.se\/livetpalandet\/wp-json\/wp\/v2\/pages\/8375","targetHints":{"allow":["GET"]}}],"collection":[{"href":"https:\/\/jaheca.se\/livetpalandet\/wp-json\/wp\/v2\/pages"}],"about":[{"href":"https:\/\/jaheca.se\/livetpalandet\/wp-json\/wp\/v2\/types\/page"}],"author":[{"embeddable":true,"href":"https:\/\/jaheca.se\/livetpalandet\/wp-json\/wp\/v2\/users\/1"}],"replies":[{"embeddable":true,"href":"https:\/\/jaheca.se\/livetpalandet\/wp-json\/wp\/v2\/comments?post=8375"}],"version-history":[{"count":8,"href":"https:\/\/jaheca.se\/livetpalandet\/wp-json\/wp\/v2\/pages\/8375\/revisions"}],"predecessor-version":[{"id":12333,"href":"https:\/\/jaheca.se\/livetpalandet\/wp-json\/wp\/v2\/pages\/8375\/revisions\/12333"}],"wp:attachment":[{"href":"https:\/\/jaheca.se\/livetpalandet\/wp-json\/wp\/v2\/media?parent=8375"}],"curies":[{"name":"wp","href":"https:\/\/api.w.org\/{rel}","templated":true}]}}