{"id":12193,"date":"2026-01-14T15:24:44","date_gmt":"2026-01-14T14:24:44","guid":{"rendered":"https:\/\/jaheca.se\/livetpalandet\/?page_id=12193"},"modified":"2026-04-10T15:45:02","modified_gmt":"2026-04-10T14:45:02","slug":"kaosutmaningen-2026","status":"publish","type":"page","link":"https:\/\/jaheca.se\/livetpalandet\/utmaningar-2026\/kaosutmaningen-2026\/","title":{"rendered":"Kaosutmaningen 2026"},"content":{"rendered":"<p><em>Uppdaterat 260410<\/em>: Har nu l\u00e4st 20 b\u00f6cker i kaosutmaningen, och det ser ut som om jag kan l\u00e4sa \u00e5tminstone 30 av dem under \u00e5ret.<\/p>\n<p>Jag \u00e4lskar att l\u00e4sa b\u00f6cker av alla de slag, och i perioder kan jag verkligen fastna i bokl\u00e4sningen.<\/p>\n<p>Jag har n\u00e5gra bokhyllor med b\u00f6cker, men d\u00e5 det inte f\u00e5r plats fler i hemmet, s\u00e5 l\u00e4ser jag numera nya b\u00f6cker som E-b\u00f6cker, vilket fungerar bra f\u00f6r mig. Dock k\u00f6per jag enstaka \u00e4ldre b\u00f6cker som pocket n\u00e4r de inte finns som e-bok.<\/p>\n<p>Kan n\u00e4mna att jag beh\u00f6ver stor text numera, och det kan ju l\u00e4tt justeras n\u00e4r man l\u00e4ser e-b\u00f6cker.<\/p>\n<p>S\u00e5 nu t\u00e4nker jag ta mig an Kaosutmaningen 2026!<\/p>\n<p>Det \u00e4r <a href=\"https:\/\/cinnamonbooks.se\/2026\/01\/08\/kaosutmaning-2026\/\" target=\"_blank\" rel=\"noopener\">Cinnamonbooks<\/a> som h\u00e5ller i den i \u00e5r.<br \/>\nUtmaningen g\u00e5r ut p\u00e5 att under 2026 pricka av minst 20 av de 40 punkterna. Varje bok f\u00e5r endast f\u00f6rekomma under en punkt.<\/p>\n<ol>\n<li>Lyssna p\u00e5 en ljudbok <em>(kan ej fullf\u00f6ljas p\u00e5 grund av h\u00f6rselskada)<\/em><\/li>\n<li><del>L\u00e4s en debutroman<\/del> <strong>Tranorna flyger s\u00f6derut, Lisa Ridzen<\/strong><\/li>\n<li><del>L\u00e4s en bok med fler \u00e4n fem ord i titeln<\/del> <strong>En r\u00f6d liten f\u00e5gel i juletid, Fannie Flagg<\/strong><\/li>\n<li><del>L\u00e4s en bok som \u00e4r skriven f\u00f6r mer \u00e4n 50 \u00e5r sedan<\/del> <strong>Bilbo, en hobbits \u00e4ventyr, J.R.R. Tolkien<\/strong><\/li>\n<li>L\u00e4s en bok du har l\u00e5nat av n\u00e5gon<\/li>\n<li><del>L\u00e4s en tunn bok (under 150 sidor)<\/del> <strong>Jonathan Livingston Seagull, Richard Bach<\/strong><\/li>\n<li>L\u00e4s en fantasy<\/li>\n<li><del>L\u00e4s en prisvinnande ungdomsbok<\/del> <strong>Tio \u00f6ver ett, Ann-Helen Laestadius<\/strong><\/li>\n<li>L\u00e4s en bok som n\u00e5gon annan har valt \u00e5t dig.<\/li>\n<li>L\u00e4s om en favoritbok<\/li>\n<li>L\u00e4s en tegelsten (mer \u00e4n 500 sidor)<\/li>\n<li>L\u00e4s en bok som avslutar en serie<\/li>\n<li>L\u00e4s en deckare<\/li>\n<li><del>L\u00e4s en bok med ett tal\/siffra i titeln<\/del> <strong>Flight 143 fr\u00e5n Montreal, William Hoffer &amp;Marilyn Mona Hoffer<\/strong><\/li>\n<li>L\u00e4s en bok som utspelar sig i framtiden<\/li>\n<li><del>L\u00e4s en bok \u00f6versatt fr\u00e5n ett spr\u00e5k du inte kan<\/del> <strong>Alexander &#8211; \u00d6dets son, Valerio Massimo Manfredi<\/strong><\/li>\n<li><del>L\u00e4s en bok med illustrationer<\/del> <strong>H\u00e4xan och lejonet, C.S. Lewis<\/strong><\/li>\n<li><del>L\u00e4s en klassiker skriven f\u00f6re 1900<\/del> <strong>Jane Eyre, Charlotte Bront\u00eb<\/strong><\/li>\n<li><del>L\u00e4s en bok med ett ord i titeln<\/del> <strong>Tripoli, Clive Cussler<\/strong><\/li>\n<li>L\u00e4s en hyllv\u00e4rmare (en bok du \u00e4gt i mer \u00e4n 5 \u00e5r)<\/li>\n<li><del>L\u00e4s en fackbok<\/del> <strong>Den l\u00e4ngsta dagen, Cornelius Ryan<\/strong><\/li>\n<li><del>L\u00e4s en bok vars titel eller f\u00f6rfattarens namn inneh\u00e5ller bokstaven Z<\/del> <strong>Princess Daisy, Judith Krantz<\/strong><\/li>\n<li>L\u00e4s en bok av en samisk f\u00f6rfattare<\/li>\n<li>L\u00e4s en bok av en f\u00f6rfattare fr\u00e5n Asien<\/li>\n<li>L\u00e4s en bok av en f\u00f6r dig ny f\u00f6rfattare<\/li>\n<li>L\u00e4s en bok som utspelar sig i G\u00e4strikland<\/li>\n<li>L\u00e4s en bok som vann ett pris 2025<\/li>\n<li>L\u00e4s en bok p\u00e5 engelska<\/li>\n<li><del>L\u00e4s en bok om syskon<\/del> <strong>De sju systrarna: Maias bok, Lucinda Riley<\/strong><\/li>\n<li>L\u00e4s en romance<\/li>\n<li><del>L\u00e4s en bok vars f\u00f6rfattares f\u00f6r- och efternamn b\u00f6rjar p\u00e5 samma bokstav<\/del> <strong>Ormguden, Clive Cussler<\/strong><\/li>\n<li><del>L\u00e4s en bok av en f\u00f6rfattare som anv\u00e4nder pseudoym<\/del> <strong>Alice i Underlandet, Lewis Carroll<\/strong><\/li>\n<li><del>L\u00e4s en bok med ett\/flera djur p\u00e5 omslaget<\/del> <strong>Ensamma hj\u00e4rtan och heml\u00f6sa hundar, Lucy Dillon<\/strong><\/li>\n<li><del>L\u00e4s en bok som ska\/har filmatiserats<\/del> <strong>Jakten p\u00e5 R\u00f6d Oktober, Tom Clancy<\/strong><\/li>\n<li><del>L\u00e4s en bok av en f\u00f6rfattare fr\u00e5n Oceanien<\/del> <strong>Tatueraren i Auschwitz, Heather Morris<\/strong><\/li>\n<li><del>L\u00e4s en bok som utspelar sig i ett land du aldrig bes\u00f6kt<\/del> <strong>Stj\u00e4rnklara n\u00e4tter, Maeve Binchy<\/strong><\/li>\n<li>L\u00e4s en bok med HBTQAI+ representation<\/li>\n<li><del>L\u00e4s en thriller\/skr\u00e4ckroman<\/del> <strong>Krisen, Arthur Hailey<\/strong><\/li>\n<li><del>L\u00e4s en biografi\/memoar<\/del> <strong>R\u00e4vungen, Torey Hayden<\/strong><\/li>\n<li>L\u00e4s en bok som utspelar sig p\u00e5 en skola<\/li>\n<\/ol>\n<p>Blir sp\u00e4nnande att se om jag klarar att pricka av minst 20 punkter i \u00e5r, det \u00e4r ju f\u00f6rsta f\u00f6rs\u00f6ket f\u00f6r mig. Dock har jag redan hittat n\u00e5gra punkter jag kan fullf\u00f6lja.<\/p>\n","protected":false},"excerpt":{"rendered":"<p>Uppdaterat 260410: Har nu l\u00e4st 20 b\u00f6cker i kaosutmaningen, och det ser ut som om jag kan l\u00e4sa \u00e5tminstone 30 av dem under \u00e5ret. Jag \u00e4lskar att l\u00e4sa b\u00f6cker av alla de slag, och i perioder kan jag verkligen fastna i bokl\u00e4sningen. Jag har n\u00e5gra bokhyllor med b\u00f6cker, men d\u00e5 det inte f\u00e5r plats fler i hemmet, s\u00e5 l\u00e4ser jag numera nya b\u00f6cker som E-b\u00f6cker, vilket fungerar bra f\u00f6r mig. Dock k\u00f6per jag enstaka \u00e4ldre b\u00f6cker som pocket n\u00e4r de&#8230; <a class=\"continue-reading-link\" href=\"https:\/\/jaheca.se\/livetpalandet\/utmaningar-2026\/kaosutmaningen-2026\/\">L\u00e4s vidare <span class=\"meta-nav\">&rarr; <\/span><\/a><\/p>\n","protected":false},"author":1,"featured_media":0,"parent":12191,"menu_order":0,"comment_status":"closed","ping_status":"closed","template":"","meta":{"ngg_post_thumbnail":0,"footnotes":""},"class_list":["post-12193","page","type-page","status-publish","hentry"],"_links":{"self":[{"href":"https:\/\/jaheca.se\/livetpalandet\/wp-json\/wp\/v2\/pages\/12193","targetHints":{"allow":["GET"]}}],"collection":[{"href":"https:\/\/jaheca.se\/livetpalandet\/wp-json\/wp\/v2\/pages"}],"about":[{"href":"https:\/\/jaheca.se\/livetpalandet\/wp-json\/wp\/v2\/types\/page"}],"author":[{"embeddable":true,"href":"https:\/\/jaheca.se\/livetpalandet\/wp-json\/wp\/v2\/users\/1"}],"replies":[{"embeddable":true,"href":"https:\/\/jaheca.se\/livetpalandet\/wp-json\/wp\/v2\/comments?post=12193"}],"version-history":[{"count":18,"href":"https:\/\/jaheca.se\/livetpalandet\/wp-json\/wp\/v2\/pages\/12193\/revisions"}],"predecessor-version":[{"id":12331,"href":"https:\/\/jaheca.se\/livetpalandet\/wp-json\/wp\/v2\/pages\/12193\/revisions\/12331"}],"up":[{"embeddable":true,"href":"https:\/\/jaheca.se\/livetpalandet\/wp-json\/wp\/v2\/pages\/12191"}],"wp:attachment":[{"href":"https:\/\/jaheca.se\/livetpalandet\/wp-json\/wp\/v2\/media?parent=12193"}],"curies":[{"name":"wp","href":"https:\/\/api.w.org\/{rel}","templated":true}]}}